{"id":11974,"date":"2018-12-14T13:53:57","date_gmt":"2018-12-14T12:53:57","guid":{"rendered":"http:\/\/metalaym.com\/es\/historia\/"},"modified":"2024-03-21T17:31:28","modified_gmt":"2024-03-21T16:31:28","slug":"historia","status":"publish","type":"page","link":"https:\/\/metalaym.com\/es\/historia\/","title":{"rendered":"Historia"},"content":{"rendered":"<div class=\"wpb-content-wrapper\"><p>[vc_row css=\u00bb.vc_custom_1544792247651{margin-bottom: 60px !important;}\u00bb][vc_column][dt_timeline][dt_timeline_item position=\u00bbright\u00bb][section_header main_heading=\u00bbFundaci\u00f3n\u00bb text_align=\u00bbleft\u00bb font_size=\u00bbcustom\u00bb custom_font_size=\u00bb20&#8243; font_weight=\u00bbnormal\u00bb use_multi_color=\u00bb1&#8243; multi_color=\u00bb#4a4a4a | #adadad\u00bb spy=\u00bbuk-animation-slide-top\u00bb][vc_column_text css_animation=\u00bbbottom-to-top\u00bb]La empresa fundada en 2003 por Xavier Ayats Poch en unas instalaciones de 100 m<sup>2<\/sup> en la peque\u00f1a localidad de Santa Llogaia del Terri fue un gran reto tanto profesional como personal.[\/vc_column_text][vc_single_image image=\u00bb10358&#8243; img_size=\u00bbfull\u00bb alignment=\u00bbcenter\u00bb css_animation=\u00bbright-to-left\u00bb][\/dt_timeline_item][dt_timeline_item][vc_single_image image=\u00bb10027&#8243; img_size=\u00bbfull\u00bb alignment=\u00bbcenter\u00bb css_animation=\u00bbleft-to-right\u00bb][section_header main_heading=\u00bbConsolidaci\u00f3n\u00bb text_align=\u00bbright\u00bb font_size=\u00bbcustom\u00bb custom_font_size=\u00bb20&#8243; font_weight=\u00bbnormal\u00bb use_multi_color=\u00bb1&#8243; multi_color=\u00bb#4a4a4a | #adadad\u00bb spy=\u00bbuk-animation-slide-top\u00bb][vc_column_text css_animation=\u00bbbottom-to-top\u00bb]<\/p>\n<p style=\"text-align: right;\">En el a\u00f1o 2011 se hizo un salto importante, el traslado a Cornell\u00e0 del Terri a unas instalaciones de mayores dimensiones que nos permiti\u00f3 hacernos un nombre en el sector metal\u00fargico, generando una fuerte inversi\u00f3n tanto con la contrataci\u00f3n de nuevos profesionales como en el desarrollo y aplicaci\u00f3n de nuevas tecnolog\u00edas en nuestros procesos productivos.<\/p>\n<p>[\/vc_column_text][vc_single_image image=\u00bb10359&#8243; img_size=\u00bbfull\u00bb alignment=\u00bbcenter\u00bb css_animation=\u00bbleft-to-right\u00bb][\/dt_timeline_item][dt_timeline_item position=\u00bbright\u00bb][section_header main_heading=\u00bbExpansi\u00f3n\u00bb text_align=\u00bbleft\u00bb font_size=\u00bbcustom\u00bb custom_font_size=\u00bb20&#8243; font_weight=\u00bbnormal\u00bb use_multi_color=\u00bb1&#8243; multi_color=\u00bb#4a4a4a | #adadad\u00bb spy=\u00bbuk-animation-slide-top\u00bb][vc_column_text css_animation=\u00bbbottom-to-top\u00bb]Gracias al progresivo crecimiento, tanto nacional como internacional, durante el a\u00f1o 2016 tuvimos la necesidad de unificar nuestros departamentos en una sola superficie, este cambio nos llev\u00f3 a Palol de Revardit, en unas instalaciones de m\u00e1s de 5.000 m<sup>2<\/sup>. Ahora, desde estas instalaciones podemos hacer frente a cualquier proyecto industrial.[\/vc_column_text][vc_single_image image=\u00bb12291&#8243; img_size=\u00bbfull\u00bb alignment=\u00bbcenter\u00bb css_animation=\u00bbright-to-left\u00bb][\/dt_timeline_item][dt_timeline_item][section_header main_heading=\u00bbActualidad\u00bb text_align=\u00bbright\u00bb font_size=\u00bbcustom\u00bb custom_font_size=\u00bb20&#8243; font_weight=\u00bbnormal\u00bb use_multi_color=\u00bb1&#8243; multi_color=\u00bb#4a4a4a | #adadad\u00bb spy=\u00bbuk-animation-slide-top\u00bb][vc_column_text css_animation=\u00bbbottom-to-top\u00bb]<\/p>\n<p style=\"text-align: right;\">Con\u00a0unas instalaciones ampliadas a 9.000 m<sup>2<\/sup>\u00a0hemos aumentado la producci\u00f3n gracieas a\u00a0nuevos boxes de soldadura (50 unidades)\u00a0y un equipo de seteinta trabajadores.<br \/>\nNuestras\u00a0exportaciones han aumentado un seteinta por ciento y\u00a0podemos destacar una manipulaci\u00f3n de material de m\u00e1s de dos mil\u00a0toneladas por a\u00f1o.<\/p>\n<p>[\/vc_column_text][vc_single_image image=\u00bb12860&#8243; img_size=\u00bbfull\u00bb alignment=\u00bbcenter\u00bb css_animation=\u00bbleft-to-right\u00bb][\/dt_timeline_item][\/dt_timeline][\/vc_column][\/vc_row]<\/p>\n<\/div>","protected":false},"excerpt":{"rendered":"<p>[vc_row css=\u00bb.vc_custom_1544792247651{margin-bottom: 60px !important;}\u00bb][vc_column][dt_timeline][dt_timeline_item position=\u00bbright\u00bb][section_header main_heading=\u00bbFundaci\u00f3n\u00bb text_align=\u00bbleft\u00bb font_size=\u00bbcustom\u00bb custom_font_size=\u00bb20&#8243; font_weight=\u00bbnormal\u00bb use_multi_color=\u00bb1&#8243; multi_color=\u00bb#4a4a4a | #adadad\u00bb spy=\u00bbuk-animation-slide-top\u00bb][vc_column_text css_animation=\u00bbbottom-to-top\u00bb]La empresa fundada en 2003 por Xavier Ayats Poch en unas instalaciones de 100 m2 en la peque\u00f1a localidad de Santa Llogaia del Terri fue un gran reto tanto profesional como personal.[\/vc_column_text][vc_single_image image=\u00bb10358&#8243; img_size=\u00bbfull\u00bb alignment=\u00bbcenter\u00bb css_animation=\u00bbright-to-left\u00bb][\/dt_timeline_item][dt_timeline_item][vc_single_image image=\u00bb10027&#8243; img_size=\u00bbfull\u00bb alignment=\u00bbcenter\u00bb css_animation=\u00bbleft-to-right\u00bb][section_header&hellip;<\/p>\n","protected":false},"author":1,"featured_media":0,"parent":0,"menu_order":0,"comment_status":"closed","ping_status":"closed","template":"fullwidth.php","meta":{"footnotes":""},"class_list":["post-11974","page","type-page","status-publish","hentry"],"yoast_head":"<!-- This site is optimized with the Yoast SEO plugin v25.3 - https:\/\/yoast.com\/wordpress\/plugins\/seo\/ -->\n<title>L\u2019empresa fundada l\u2019any 2003 per Xavier Ayats Poch<\/title>\n<meta name=\"description\" content=\"L\u2019empresa fundada l\u2019any 2003 per Xavier Ayats Poch en unes instal\u00b7lacions de 100 m2 a la petita localitat de Santa Llogaia del Terri.\" \/>\n<meta name=\"robots\" content=\"index, follow, max-snippet:-1, max-image-preview:large, max-video-preview:-1\" \/>\n<link rel=\"canonical\" href=\"https:\/\/metalaym.com\/es\/historia\/\" \/>\n<meta property=\"og:locale\" content=\"es_ES\" \/>\n<meta property=\"og:type\" content=\"article\" \/>\n<meta property=\"og:title\" content=\"L\u2019empresa fundada l\u2019any 2003 per Xavier Ayats Poch\" \/>\n<meta property=\"og:description\" content=\"L\u2019empresa fundada l\u2019any 2003 per Xavier Ayats Poch en unes instal\u00b7lacions de 100 m2 a la petita localitat de Santa Llogaia del Terri.\" \/>\n<meta property=\"og:url\" content=\"https:\/\/metalaym.com\/es\/historia\/\" \/>\n<meta property=\"og:site_name\" content=\"Metalaym\" \/>\n<meta property=\"article:modified_time\" content=\"2024-03-21T16:31:28+00:00\" \/>\n<meta name=\"twitter:card\" content=\"summary_large_image\" \/>\n<meta name=\"twitter:label1\" content=\"Tiempo de lectura\" \/>\n\t<meta name=\"twitter:data1\" content=\"2 minutos\" \/>\n<script type=\"application\/ld+json\" class=\"yoast-schema-graph\">{\"@context\":\"https:\/\/schema.org\",\"@graph\":[{\"@type\":\"WebPage\",\"@id\":\"https:\/\/metalaym.com\/es\/historia\/\",\"url\":\"https:\/\/metalaym.com\/es\/historia\/\",\"name\":\"L\u2019empresa fundada l\u2019any 2003 per Xavier Ayats Poch\",\"isPartOf\":{\"@id\":\"https:\/\/metalaym.com\/#website\"},\"datePublished\":\"2018-12-14T12:53:57+00:00\",\"dateModified\":\"2024-03-21T16:31:28+00:00\",\"description\":\"L\u2019empresa fundada l\u2019any 2003 per Xavier Ayats Poch en unes instal\u00b7lacions de 100 m2 a la petita localitat de Santa Llogaia del Terri.\",\"breadcrumb\":{\"@id\":\"https:\/\/metalaym.com\/es\/historia\/#breadcrumb\"},\"inLanguage\":\"es\",\"potentialAction\":[{\"@type\":\"ReadAction\",\"target\":[\"https:\/\/metalaym.com\/es\/historia\/\"]}]},{\"@type\":\"BreadcrumbList\",\"@id\":\"https:\/\/metalaym.com\/es\/historia\/#breadcrumb\",\"itemListElement\":[{\"@type\":\"ListItem\",\"position\":1,\"name\":\"Inici\",\"item\":\"https:\/\/metalaym.com\/es\/\"},{\"@type\":\"ListItem\",\"position\":2,\"name\":\"Historia\"}]},{\"@type\":\"WebSite\",\"@id\":\"https:\/\/metalaym.com\/#website\",\"url\":\"https:\/\/metalaym.com\/\",\"name\":\"Metalaym\",\"description\":\"Transformaci\u00f3 met\u00e0l\u00b7lica amb ferro i inox\",\"potentialAction\":[{\"@type\":\"SearchAction\",\"target\":{\"@type\":\"EntryPoint\",\"urlTemplate\":\"https:\/\/metalaym.com\/?s={search_term_string}\"},\"query-input\":{\"@type\":\"PropertyValueSpecification\",\"valueRequired\":true,\"valueName\":\"search_term_string\"}}],\"inLanguage\":\"es\"}]}<\/script>\n<!-- \/ Yoast SEO plugin. -->","yoast_head_json":{"title":"L\u2019empresa fundada l\u2019any 2003 per Xavier Ayats Poch","description":"L\u2019empresa fundada l\u2019any 2003 per Xavier Ayats Poch en unes instal\u00b7lacions de 100 m2 a la petita localitat de Santa Llogaia del Terri.","robots":{"index":"index","follow":"follow","max-snippet":"max-snippet:-1","max-image-preview":"max-image-preview:large","max-video-preview":"max-video-preview:-1"},"canonical":"https:\/\/metalaym.com\/es\/historia\/","og_locale":"es_ES","og_type":"article","og_title":"L\u2019empresa fundada l\u2019any 2003 per Xavier Ayats Poch","og_description":"L\u2019empresa fundada l\u2019any 2003 per Xavier Ayats Poch en unes instal\u00b7lacions de 100 m2 a la petita localitat de Santa Llogaia del Terri.","og_url":"https:\/\/metalaym.com\/es\/historia\/","og_site_name":"Metalaym","article_modified_time":"2024-03-21T16:31:28+00:00","twitter_card":"summary_large_image","twitter_misc":{"Tiempo de lectura":"2 minutos"},"schema":{"@context":"https:\/\/schema.org","@graph":[{"@type":"WebPage","@id":"https:\/\/metalaym.com\/es\/historia\/","url":"https:\/\/metalaym.com\/es\/historia\/","name":"L\u2019empresa fundada l\u2019any 2003 per Xavier Ayats Poch","isPartOf":{"@id":"https:\/\/metalaym.com\/#website"},"datePublished":"2018-12-14T12:53:57+00:00","dateModified":"2024-03-21T16:31:28+00:00","description":"L\u2019empresa fundada l\u2019any 2003 per Xavier Ayats Poch en unes instal\u00b7lacions de 100 m2 a la petita localitat de Santa Llogaia del Terri.","breadcrumb":{"@id":"https:\/\/metalaym.com\/es\/historia\/#breadcrumb"},"inLanguage":"es","potentialAction":[{"@type":"ReadAction","target":["https:\/\/metalaym.com\/es\/historia\/"]}]},{"@type":"BreadcrumbList","@id":"https:\/\/metalaym.com\/es\/historia\/#breadcrumb","itemListElement":[{"@type":"ListItem","position":1,"name":"Inici","item":"https:\/\/metalaym.com\/es\/"},{"@type":"ListItem","position":2,"name":"Historia"}]},{"@type":"WebSite","@id":"https:\/\/metalaym.com\/#website","url":"https:\/\/metalaym.com\/","name":"Metalaym","description":"Transformaci\u00f3 met\u00e0l\u00b7lica amb ferro i inox","potentialAction":[{"@type":"SearchAction","target":{"@type":"EntryPoint","urlTemplate":"https:\/\/metalaym.com\/?s={search_term_string}"},"query-input":{"@type":"PropertyValueSpecification","valueRequired":true,"valueName":"search_term_string"}}],"inLanguage":"es"}]}},"_links":{"self":[{"href":"https:\/\/metalaym.com\/es\/wp-json\/wp\/v2\/pages\/11974","targetHints":{"allow":["GET"]}}],"collection":[{"href":"https:\/\/metalaym.com\/es\/wp-json\/wp\/v2\/pages"}],"about":[{"href":"https:\/\/metalaym.com\/es\/wp-json\/wp\/v2\/types\/page"}],"author":[{"embeddable":true,"href":"https:\/\/metalaym.com\/es\/wp-json\/wp\/v2\/users\/1"}],"replies":[{"embeddable":true,"href":"https:\/\/metalaym.com\/es\/wp-json\/wp\/v2\/comments?post=11974"}],"version-history":[{"count":6,"href":"https:\/\/metalaym.com\/es\/wp-json\/wp\/v2\/pages\/11974\/revisions"}],"predecessor-version":[{"id":13042,"href":"https:\/\/metalaym.com\/es\/wp-json\/wp\/v2\/pages\/11974\/revisions\/13042"}],"wp:attachment":[{"href":"https:\/\/metalaym.com\/es\/wp-json\/wp\/v2\/media?parent=11974"}],"curies":[{"name":"wp","href":"https:\/\/api.w.org\/{rel}","templated":true}]}}

<div class="wpb-content-wrapper"><p>[vc_row css=».vc_custom_1544792247651{margin-bottom: 60px !important;}»][vc_column][dt_timeline][dt_timeline_item position=»right»][section_header main_heading=»Fundación» text_align=»left» font_size=»custom» custom_font_size=»20&#8243; font_weight=»normal» use_multi_color=»1&#8243; multi_color=»#4a4a4a | #adadad» spy=»uk-animation-slide-top»][vc_column_text css_animation=»bottom-to-top»]La empresa fundada en 2003 por Xavier Ayats Poch en unas instalaciones de 100 m<sup>2</sup> en la pequeña localidad de Santa Llogaia del Terri fue un gran reto tanto profesional como personal.[/vc_column_text][vc_single_image image=»10358&#8243; img_size=»full» alignment=»center» css_animation=»right-to-left»][/dt_timeline_item][dt_timeline_item][vc_single_image image=»10027&#8243; img_size=»full» alignment=»center» css_animation=»left-to-right»][section_header main_heading=»Consolidación» text_align=»right» font_size=»custom» custom_font_size=»20&#8243; font_weight=»normal» use_multi_color=»1&#8243; multi_color=»#4a4a4a | #adadad» spy=»uk-animation-slide-top»][vc_column_text css_animation=»bottom-to-top»]</p>
<p style="text-align: right;">En el año 2011 se hizo un salto importante, el traslado a Cornellà del Terri a unas instalaciones de mayores dimensiones que nos permitió hacernos un nombre en el sector metalúrgico, generando una fuerte inversión tanto con la contratación de nuevos profesionales como en el desarrollo y aplicación de nuevas tecnologías en nuestros procesos productivos.</p>
<p>[/vc_column_text][vc_single_image image=»10359&#8243; img_size=»full» alignment=»center» css_animation=»left-to-right»][/dt_timeline_item][dt_timeline_item position=»right»][section_header main_heading=»Expansión» text_align=»left» font_size=»custom» custom_font_size=»20&#8243; font_weight=»normal» use_multi_color=»1&#8243; multi_color=»#4a4a4a | #adadad» spy=»uk-animation-slide-top»][vc_column_text css_animation=»bottom-to-top»]Gracias al progresivo crecimiento, tanto nacional como internacional, durante el año 2016 tuvimos la necesidad de unificar nuestros departamentos en una sola superficie, este cambio nos llevó a Palol de Revardit, en unas instalaciones de más de 5.000 m<sup>2</sup>. Ahora, desde estas instalaciones podemos hacer frente a cualquier proyecto industrial.[/vc_column_text][vc_single_image image=»12291&#8243; img_size=»full» alignment=»center» css_animation=»right-to-left»][/dt_timeline_item][dt_timeline_item][section_header main_heading=»Actualidad» text_align=»right» font_size=»custom» custom_font_size=»20&#8243; font_weight=»normal» use_multi_color=»1&#8243; multi_color=»#4a4a4a | #adadad» spy=»uk-animation-slide-top»][vc_column_text css_animation=»bottom-to-top»]</p>
<p style="text-align: right;">Con unas instalaciones ampliadas a 9.000 m<sup>2</sup> hemos aumentado la producción gracieas a nuevos boxes de soldadura (50 unidades) y un equipo de seteinta trabajadores.<br />
Nuestras exportaciones han aumentado un seteinta por ciento y podemos destacar una manipulación de material de más de dos mil toneladas por año.</p>
<p>[/vc_column_text][vc_single_image image=»12860&#8243; img_size=»full» alignment=»center» css_animation=»left-to-right»][/dt_timeline_item][/dt_timeline][/vc_column][/vc_row]</p>
</div>

<p>[vc_row css=».vc_custom_1544792247651{margin-bottom: 60px !important;}»][vc_column][dt_timeline][dt_timeline_item position=»right»][section_header main_heading=»Fundación» text_align=»left» font_size=»custom» custom_font_size=»20&#8243; font_weight=»normal» use_multi_color=»1&#8243; multi_color=»#4a4a4a | #adadad» spy=»uk-animation-slide-top»][vc_column_text css_animation=»bottom-to-top»]La empresa fundada en 2003 por Xavier Ayats Poch en unas instalaciones de 100 m2 en la pequeña localidad de Santa Llogaia del Terri fue un gran reto tanto profesional como personal.[/vc_column_text][vc_single_image image=»10358&#8243; img_size=»full» alignment=»center» css_animation=»right-to-left»][/dt_timeline_item][dt_timeline_item][vc_single_image image=»10027&#8243; img_size=»full» alignment=»center» css_animation=»left-to-right»][section_header&hellip;</p>

<!-- This site is optimized with the Yoast SEO plugin v25.3 - https://yoast.com/wordpress/plugins/seo/ -->
<title>L’empresa fundada l’any 2003 per Xavier Ayats Poch</title>
<meta name="description" content="L’empresa fundada l’any 2003 per Xavier Ayats Poch en unes instal·lacions de 100 m2 a la petita localitat de Santa Llogaia del Terri." />
<meta name="robots" content="index, follow, max-snippet:-1, max-image-preview:large, max-video-preview:-1" />
<link rel="canonical" href="https://metalaym.com/es/historia/" />
<meta property="og:locale" content="es_ES" />
<meta property="og:type" content="article" />
<meta property="og:title" content="L’empresa fundada l’any 2003 per Xavier Ayats Poch" />
<meta property="og:description" content="L’empresa fundada l’any 2003 per Xavier Ayats Poch en unes instal·lacions de 100 m2 a la petita localitat de Santa Llogaia del Terri." />
<meta property="og:url" content="https://metalaym.com/es/historia/" />
<meta property="og:site_name" content="Metalaym" />
<meta property="article:modified_time" content="2024-03-21T16:31:28+00:00" />
<meta name="twitter:card" content="summary_large_image" />
<meta name="twitter:label1" content="Tiempo de lectura" />
	<meta name="twitter:data1" content="2 minutos" />
<script type="application/ld+json" class="yoast-schema-graph">{"@context":"https://schema.org","@graph":[{"@type":"WebPage","@id":"https://metalaym.com/es/historia/","url":"https://metalaym.com/es/historia/","name":"L’empresa fundada l’any 2003 per Xavier Ayats Poch","isPartOf":{"@id":"https://metalaym.com/#website"},"datePublished":"2018-12-14T12:53:57+00:00","dateModified":"2024-03-21T16:31:28+00:00","description":"L’empresa fundada l’any 2003 per Xavier Ayats Poch en unes instal·lacions de 100 m2 a la petita localitat de Santa Llogaia del Terri.","breadcrumb":{"@id":"https://metalaym.com/es/historia/#breadcrumb"},"inLanguage":"es","potentialAction":[{"@type":"ReadAction","target":["https://metalaym.com/es/historia/"]}]},{"@type":"BreadcrumbList","@id":"https://metalaym.com/es/historia/#breadcrumb","itemListElement":[{"@type":"ListItem","position":1,"name":"Inici","item":"https://metalaym.com/es/"},{"@type":"ListItem","position":2,"name":"Historia"}]},{"@type":"WebSite","@id":"https://metalaym.com/#website","url":"https://metalaym.com/","name":"Metalaym","description":"Transformació metàl·lica amb ferro i inox","potentialAction":[{"@type":"SearchAction","target":{"@type":"EntryPoint","urlTemplate":"https://metalaym.com/?s={search_term_string}"},"query-input":{"@type":"PropertyValueSpecification","valueRequired":true,"valueName":"search_term_string"}}],"inLanguage":"es"}]}</script>
<!-- / Yoast SEO plugin. -->

Transformació metàl·lica amb ferro i inox
